en thousands digit of 56574 - (-23 + 18) - (0 - -3)?
5
Let w(l) = 1618*l**2 + 5*l - 3. What is the hundreds digit of w(-3)?
5
Let t be ((-8)/10)/((-4)/60). Suppose -5*m + 13*m = 4*m. Suppose 0 = u - 2*s - m*s - t, s + 12 = u. What is the units digit of u?
2
Suppose -2*r = -3*j - 24538, -j + 25105 - 583 = 2*r. What is the ten thousands digit of r?
1
Let z(y) be the second derivative of 6*y**3 + 40*y**2 + 190*y. What is the units digit of z(28)?
8
Suppose -165*s + 40131 + 169079 + 783265 = 0. What is the tens digit of s?
1
Let p(q) = -q**3 + 95*q**2 - 49*q + 590. What is the units digit of p(81)?
5
Suppose -20020 = -6*t - 1354. Suppose 4*j = u + t, 2*u + 1 = -5. What is the tens digit of j?
7
Let f(q) be the first derivative of 62*q**4 + 2*q**3/3 - 3*q**2/2 + q + 98. What is the hundreds digit of f(1)?
2
Let r be (405*-1)/5 - -3. Suppose 3*b + 0*a = -a + 4, a = b. Let h = b - r. What is the tens digit of h?
7
What is the tens digit of 0 + 6*(4 - -823)?
6
Suppose n - 4 = -0*n. Let f(m) = 2*m**2 - 8*m + 4. Let d be f(n). Suppose -d*r + 98 = -138. What is the units digit of r?
9
Suppose 137*p = 284*p - 6428016. What is the tens digit of p?
2
Let y(j) = -j**3 - 4*j**2 + 127. Let p be y(0). Let h = -123 + p. Suppose 0 = -2*a - 10, h*z - 2*a = -3*a + 939. What is the tens digit of z?
3
What is the units digit of (17 + (-784)/32 + -15)*(-31648)/10?
8
Suppose -183*s = -173*s - 1780. What is the units digit of s + -1 + (0 - (-1 - 5))?
3
Let h(o) = -o**2 - 10*o - 4. Let z be h(-10). Let s be (28/(-2))/((z/(-10))/(-1)). Suppose -s = -3*t + 22. What is the tens digit of t?
1
Suppose 8*n = -15 + 183. Suppose -3*y = -4*p + 2*y - 958, 2*p + 478 = 2*y. What is the tens digit of (7/n)/(p/(-117) - 2)?
1
Let i(j) = -40*j**2 - 2*j - 11. Let f(c) = 40*c**2 + 2*c + 10. Let a(n) = -2*f(n) - 3*i(n). What is the units digit of a(-3)?
7
Suppose 0 = 10*c - 6*c - 100. Let u = c + -29. What is the hundreds digit of -6 + 220 + 5 + 1 + u?
2
What is the thousands digit of 2/7 - -3*6978352/336?
2
Let i = -45 - -35. Let t = i - -16. Suppose 4*s + 298 = t*s. What is the tens digit of s?
4
Let f be 3/((-4)/(-3) + (-8 - -7)). Let n be f/21 + (-72)/(-28). Suppose -4*b + n*b = -4*u + 461, 3*u + 5*b - 363 = 0. What is the units digit of u?
6
Let r = 58 - -872. Suppose 9*k - 2640 + r = 0. Let c = 461 - k. What is the units digit of c?
1
Let v(o) = o**3 + 37*o**2 - 40*o - 96. What is the thousands digit of v(-28)?
8
Suppose -2*v - 5555 = -3*a, 3139 - 12368 = -5*a - 4*v. Let z = a - 1280. What is the tens digit of z?
6
What is the units digit of ((1388*-3 - 6) + -8)*-8?
4
Let s = 33 + -18. Let p be -1 - s/3*1. Let a = p + 9. What is the units digit of a?
3
Suppose 0 = 2*g + 4*n + 10 - 6, 2 = 2*g + 2*n. Let m(p) = 97*p + 33. What is the tens digit of m(g)?
2
Let p = -13927 + 21800. What is the units digit of p?
3
Let p(a) = 18 + 5*a**2 - 67 - 51 - 4 + 25*a. What is the units digit of p(10)?
6
Suppose 3*p = -4*q - 2, -3*p + 6 = 4*q - 4*p. Let z be 2/13 - q/(78/(-378)). Let o(h) = 7*h**2 + 5*h + 17. What is the units digit of o(z)?
7
Let j(k) = 42*k**2 - 67*k + 340. What is the units digit of j(12)?
4
Suppose -40 + 36 = -w. Suppose -3*y = -i + 253, 2*y = -w*i - 0*i + 942. Let t = -17 + i. What is the units digit of t?
1
Let l(d) = -354*d**3 - d**2 - 44*d - 84. What is the tens digit of l(-2)?
3
Let q(c) = 608*c**2 - 66*c - 499. What is the ten thousands digit of q(-9)?
4
Let x(q) = -2261*q - 625. What is the hundreds digit of x(-11)?
2
Suppose -2037 = -11*t + 3045. Suppose 5*h = 4*h + t. Let q = 651 - h. What is the units digit of q?
9
Let w(h) = -4139*h - 8468. What is the ten thousands digit of w(-18)?
6
Let u = 636 - 635. What is the hundreds digit of (3 - (-2 - 1783))*u?
7
Let s be (1/2 + 1)*(-352)/(-132). Suppose 357 = d - 5*x, -16*x + 18*x - 1516 = -s*d. What is the units digit of d?
7
Suppose 2 = s + n, -5*n = s - n + 13. Suppose s*j - 1671 = 3005. What is the units digit of j?
8
Let o(r) = -r**3 + 13*r**2 + 2*r - 17. Let i be o(7). Let t = i + -249. What is the units digit of t?
2
Suppose 154*i - 157*i = 3*r - 789, i - 3*r - 247 = 0. What is the tens digit of i?
5
Let x be 20/(-110) - (-906)/22. Let g = x - 36. Suppose g*j - 517 = -62. What is the units digit of j?
1
Suppose 10*t - 23683 = -t. What is the units digit of t?
3
Let a(b) = 13*b**2 + 12*b - 26. Let f be a(9). Let l = f + -715. What is the hundreds digit of l?
4
What is the tens digit of 5989 - (0 - (7 - 3) - 2)?
9
Suppose 745*k - 748*k + 56826 = 0. What is the thousands digit of k?
8
Suppose 0*q + 4 = -q. Let k be 1*(q - -4)/(-3). What is the units digit of k - (1 - (-135)/(-3))?
4
Let y be (34/(-68))/(1/134). Let s = 312 - y. What is the units digit of s?
9
Suppose -196*b = -241*b + 180. Let q = -24 - -40. What is the tens digit of -2*1/((q/(-122))/b)?
6
Let r = 57282 + -8750. What is the thousands digit of r?
8
Suppose 10*c - 30910 - 13571 = 5589. What is the hundreds digit of c?
0
Suppose -b - 14*w = -18*w - 14137, 0 = -4*b - w + 56480. What is the tens digit of b?
2
Suppose 21*u = 2*u - 33*u + 492960. What is the thousands digit of u?
9
Suppose -4*k = 4*j - 388, -j + 0*k + 93 = 3*k. Let c = 126 - j. What is the tens digit of c?
2
Let h = 205 + -203. What is the units digit of (40/(-6) + 6)*(-171)/h?
7
Let l = -1390 + 3305. What is the thousands digit of l?
1
Suppose 4*s = 242 - 94. Let b = 39 - s. Suppose 2*p + 545 = 5*r - 3*p, b*p = -6. What is the tens digit of r?
0
What is the tens digit of (-16)/((-1520)/9101)*(237 + -2)?
1
Let h = -7182 + 10921. What is the units digit of h?
9
Let u be (25/10 + -1)/(12/160). What is the units digit of 9/12 - (-6325)/u?
7
Let p(x) = -33*x**2 - 19*x - 76. Let v be p(-4). Let z = v - -566. What is the tens digit of z?
3
Let t be 2696509/815 - ((-6)/(-10) - 1). Suppose -8*y = -t - 10355. What is the thousands digit of y?
1
Let f = -45 - -46. Let u be ((-336)/70)/(f/30). What is the units digit of (u/(-2))/(2 - 1)?
2
Let f = 136 - 129. Suppose 0 = -12*u + f*u - q + 1979, -2*u - 2*q = -798. What is the units digit of u?
5
Let d = 26087 + -15512. What is the hundreds digit of d?
5
Let d = -24960 - -34309. What is the tens digit of d?
4
Let c = -2427 - -4404. What is the hundreds digit of c?
9
Let a(c) = -c**3 - 6*c**2 - 4*c - 7. Let j(q) = -12*q + 1. Let l be j(-3). Suppose -5*s + 0*i - 30 = 2*i, -4*s + i = l. What is the hundreds digit of a(s)?
1
Suppose -113*p + 3166 = -112*p. What is the hundreds digit of p?
1
Suppose 0 = 182*v - 196*v + 43540. What is the tens digit of v?
1
Let v(s) = 5*s**3 - 11*s**2 + 22*s**3 + 25*s - 12 - 11*s**3 + 4*s**3 - 2*s. What is the hundreds digit of v(4)?
1
Suppose 7*d - 192 = 6*d. Suppose d = -2*y + 66. Let c = y - -97. What is the tens digit of c?
3
Suppose -2*y + 10 = 4*p, 3*y = -2*y + 5*p - 5. What is the tens digit of (95/(-20))/(y*(-3)/72)?
1
Suppose -9*l = 96040 - 253990. Suppose -35*v + 720 = -l. What is the hundreds digit of v?
5
Let h = 11690 + -10052. What is the tens digit of h?
3
What is the thousands digit of 7949 - (-17 - -2 - -23)?
7
Suppose 7*l = 2*l. Let r be (14 + -4)*((-9)/(-6) + -1). Suppose -s + v + 60 = l, -r*s - 2*v = 2*v - 336. What is the tens digit of s?
6
Let w = -14 - -14. Suppose 0 = -4*s - 5*x + 1063, 3*x + 287 = s - 0*x. Suppose -9*f + 1424 - s = w. What is the units digit of f?
8
Let t(w) = 18*w**2 - 4*w + 796. What is the hundreds digit of t(19)?
2
Suppose -4*w + 487 = 1983. Let t be 12/16 + (-7119)/(-12). Let j = t + w. What is the hundreds digit of j?
2
Suppose -10*x - 15 = -7*x, 2*i - 70 = 4*x. What is the thousands digit of (110/i)/((-6)/(-1695))?
1
Let t = 143967 - 101570. What is the tens digit of t?
9
Let k = 7 - 13. Let u be ((13/(-39))/((-2)/k))/(-1). What is the hundreds digit of (68/16 - u*-1)*20?
1
Let n = -24639 + 43822. What is the thousands digit of n?
9
Suppose 8 = c - 4*o, 4*c = 8*c - o + 13. Let k(w) = w**3 + 6*w**2 + 6*w + 20. What is the units digit of k(c)?
8
Suppose 7232 - 485 = i - 3*d, -i = 4*d - 6733. What is the units digit of i?
1
Let d(c) = c**3 - 35*c**2 - 15*c - 37. Let f be d(38). Suppose -19284 = -19*s + f. What is the tens digit of s?
1
Suppose -31636 = -4*p + h + 2761, -2*h + 8606 = p. What is the tens digit of p?
0
Suppose 47*g - 87*g = -71*g + 436170. What is the thousands digit 